{"id":696,"date":"2021-10-20T13:38:16","date_gmt":"2021-10-20T13:38:16","guid":{"rendered":"https:\/\/ofado.site.loudzap.com\/antonio-laranja\/"},"modified":"2021-10-20T13:38:16","modified_gmt":"2021-10-20T13:38:16","slug":"antonio-laranja","status":"publish","type":"page","link":"https:\/\/ofado.com\/fr\/antonio-laranja\/","title":{"rendered":"Ant\u00f3nio Laranja"},"content":{"rendered":"\t\t<div data-elementor-type=\"wp-page\" data-elementor-id=\"696\" class=\"elementor elementor-696 elementor-185\" data-elementor-post-type=\"page\">\n\t\t\t\t\t\t<section class=\"elementor-section elementor-top-section elementor-element elementor-element-35b0cf4a elementor-section-boxed elementor-section-height-default elementor-section-height-default\" data-id=\"35b0cf4a\" data-element_type=\"section\" data-e-type=\"section\">\n\t\t\t\t\t\t<div class=\"elementor-container elementor-column-gap-no\">\n\t\t\t\t\t<div class=\"elementor-column elementor-col-50 elementor-top-column elementor-element elementor-element-7105be93\" data-id=\"7105be93\" data-element_type=\"column\" data-e-type=\"column\">\n\t\t\t<div class=\"elementor-widget-wrap elementor-element-populated\">\n\t\t\t\t\t\t<div class=\"elementor-element elementor-element-184cb6a1 elementor-widget elementor-widget-heading\" data-id=\"184cb6a1\" data-element_type=\"widget\" data-e-type=\"widget\" data-widget_type=\"heading.default\">\n\t\t\t\t<div class=\"elementor-widget-container\">\n\t\t\t\t\t<h1 class=\"elementor-heading-title elementor-size-default\">Ant\u00f3nio Laranjeira<\/h1>\t\t\t\t<\/div>\n\t\t\t\t<\/div>\n\t\t\t\t<div class=\"elementor-element elementor-element-3d5c84a4 elementor-widget elementor-widget-text-editor\" data-id=\"3d5c84a4\" data-element_type=\"widget\" data-e-type=\"widget\" data-widget_type=\"text-editor.default\">\n\t\t\t\t<div class=\"elementor-widget-container\">\n\t\t\t\t\t\t\t\t\t<p>Ant\u00f3nio Laranjeira s\u2019est distingu\u00e9 comme un personnage li\u00e9 \u00e0 la po\u00e9sie en ayant r\u00e9cemment \u00e9crit pour des plusieurs chanteurs de Fado. Ana Moura a montr\u00e9 la po\u00e9sie d\u2019Ant\u00f3nio Laranjeira au monde avec le po\u00e8me \u201cVenho falar dos meus medos\u201d (\u201cJe viens parler de mes peurs\u201d) dans la musique du Fado Ac\u00e1cio (traditionnel) avec production et arrangements de Jorge Fernando.<\/p>\n<p>Au Th\u00e9\u00e2tre, invit\u00e9 par Filipe L\u00e1 F\u00e9ria, sa efficace et quelques fois surprenante performance a laiss\u00e9 une image tr\u00e8s positive de lui dans le Musical Am\u00e1lia, en faisant des performances dans des plateaux importants en Europe ainsi comme au Portugal, dans le Coliseu dos Recreios et Teatro S\u00e3o Lu\u00eds, d\u2019entre autres.<\/p>\n<p>N\u00e9anmoins, c\u2019es comme chanteur de Fado qu\u2019Ant\u00f3nio Laranjeira s\u2019est r\u00e9v\u00e9l\u00e9 et affirm\u00e9. Les maisons de Fado les plus fameuses comme Marqu\u00eas da S\u00e9 et Senhor Vinho \u00e0 Lisbonne se sont rendues \u00e0 la voix et pr\u00e9sence d\u2019Ant\u00f3nio Laranjeira. Cependant, le point de rencontre fr\u00e9quent entre la po\u00e9sie et la voix du chanteur de Fado est maintenant au Restaurant O Fado dans la ville du Porto.<\/p>\n<p>LUZ \u2013 c\u2019est le titre de son nouveau disque, inspir\u00e9 dans un voyage po\u00e9tique et musical en parcourant le Pays accompagn\u00e9 par les \u00e9normes po\u00e8tes et musiciens qui font partie des 15 Fados de cette \u00e9dition. Vasco Gra\u00e7a Moura, Am\u00e1lia Rodrigues, Marla Amastor, Fernando Campos Castro et le chanteur de Fado lui-m\u00eame signent et se d\u00e9tachent dans les po\u00e8mes magistralement musiqu\u00e9s par Andr\u00e9 Teixeira, Manuel Reis, Susana Castro Santos, Manuel Mendes, Raul Ferr\u00e3o, Jos\u00e9 Ant\u00f3nio Sabrosa Alfredo Marceneiro et Rog\u00e9rio Ferreira, qui a aussi dirig\u00e9 et produit musicalement ce travail fantastique.<\/p>\n<p>Dans cet album, Pedro Barroso partage avec Ant\u00f3nio Laranjeira un th\u00e8me appartenant \u00e0 sa vaste et incomparable \u0153uvre musicale, \u00e9tonnamment adapt\u00e9 au Fado, o\u00f9 il pr\u00eate sa voix en transformant \u201cPorto Antigo\u201d dans un des moments musicaux les plus impressionnants. La force et la beaut\u00e9 de ce disque r\u00e9sultent de la plus pure et r\u00e9ciproque sensibilit\u00e9 et d\u00e9livrance de tous les intervenants, et surtout, de son amour au Fado.<\/p>\n<p>Chacun de ceux-ci et d\u2019autres Fados actuels ainsi comme d\u2019autres plus anciens, jou\u00e9s avec ma\u00eetrise et chant\u00e9s avec l\u2019\u00e9motion de ceux qui sentent et aiment le Fado, peuvent \u00eatre \u00e9cout\u00e9s toutes les nuits dans le Restaurant \u201cO Fado\u201d, la maison de Fado par excellence de la ville du Porto o\u00f9 Ant\u00f3nio Laranjeira chante son Fado.<\/p>\n\t\t\t\t\t\t\t\t<\/div>\n\t\t\t\t<\/div>\n\t\t\t\t\t<\/div>\n\t\t<\/div>\n\t\t\t\t<div class=\"elementor-column elementor-col-50 elementor-top-column elementor-element elementor-element-741100c8\" data-id=\"741100c8\" data-element_type=\"column\" data-e-type=\"column\">\n\t\t\t<div class=\"elementor-widget-wrap elementor-element-populated\">\n\t\t\t\t\t\t<div class=\"elementor-element elementor-element-484ac142 elementor-widget elementor-widget-image\" data-id=\"484ac142\" data-element_type=\"widget\" data-e-type=\"widget\" data-widget_type=\"image.default\">\n\t\t\t\t<div class=\"elementor-widget-container\">\n\t\t\t\t\t\t\t\t\t\t\t\t\t\t\t<img fetchpriority=\"high\" decoding=\"async\" width=\"640\" height=\"634\" src=\"https:\/\/ofado.com\/wp-content\/uploads\/2021\/10\/Anto\u0301nio-Laranjeira-foto-capa-cd.jpg\" class=\"attachment-large size-large wp-image-654\" alt=\"Anto\u0301nio Laranjeira\" srcset=\"https:\/\/ofado.com\/wp-content\/uploads\/2021\/10\/Anto\u0301nio-Laranjeira-foto-capa-cd.jpg 640w, https:\/\/ofado.com\/wp-content\/uploads\/2021\/10\/Anto\u0301nio-Laranjeira-foto-capa-cd-300x297.jpg 300w, https:\/\/ofado.com\/wp-content\/uploads\/2021\/10\/Anto\u0301nio-Laranjeira-foto-capa-cd-150x150.jpg 150w\" sizes=\"(max-width: 640px) 100vw, 640px\" \/>\t\t\t\t\t\t\t\t\t\t\t\t\t\t\t<\/div>\n\t\t\t\t<\/div>\n\t\t\t\t<div class=\"elementor-element elementor-element-1d871bc elementor-shape-circle e-grid-align-left elementor-grid-0 elementor-widget elementor-widget-social-icons\" data-id=\"1d871bc\" data-element_type=\"widget\" data-e-type=\"widget\" data-widget_type=\"social-icons.default\">\n\t\t\t\t<div class=\"elementor-widget-container\">\n\t\t\t\t\t\t\t<div class=\"elementor-social-icons-wrapper elementor-grid\" role=\"list\">\n\t\t\t\t\t\t\t<span class=\"elementor-grid-item\" role=\"listitem\">\n\t\t\t\t\t<a class=\"elementor-icon elementor-social-icon elementor-social-icon-facebook elementor-repeater-item-3e6e17f\" href=\"https:\/\/www.facebook.com\/AntonioLaranjeiraFado\/?fref=ts\" target=\"_blank\">\n\t\t\t\t\t\t<span class=\"elementor-screen-only\">Facebook<\/span>\n\t\t\t\t\t\t<i aria-hidden=\"true\" class=\"fab fa-facebook\"><\/i>\t\t\t\t\t<\/a>\n\t\t\t\t<\/span>\n\t\t\t\t\t\t\t<span class=\"elementor-grid-item\" role=\"listitem\">\n\t\t\t\t\t<a class=\"elementor-icon elementor-social-icon elementor-social-icon-youtube elementor-repeater-item-7b67c8d\" href=\"https:\/\/www.youtube.com\/channel\/UCHfU3L7Jt1bY5TTcit6Z7Bg\" target=\"_blank\">\n\t\t\t\t\t\t<span class=\"elementor-screen-only\">Youtube<\/span>\n\t\t\t\t\t\t<i aria-hidden=\"true\" class=\"fab fa-youtube\"><\/i>\t\t\t\t\t<\/a>\n\t\t\t\t<\/span>\n\t\t\t\t\t<\/div>\n\t\t\t\t\t\t<\/div>\n\t\t\t\t<\/div>\n\t\t\t\t\t<\/div>\n\t\t<\/div>\n\t\t\t\t\t<\/div>\n\t\t<\/section>\n\t\t\t\t<\/div>\n\t\t","protected":false},"excerpt":{"rendered":"<p>Ant\u00f3nio Laranjeira Ant\u00f3nio Laranjeira s\u2019est distingu\u00e9 comme un personnage li\u00e9 \u00e0 la po\u00e9sie en ayant r\u00e9cemment \u00e9crit pour des plusieurs chanteurs de Fado. Ana Moura a montr\u00e9 la po\u00e9sie d\u2019Ant\u00f3nio Laranjeira au monde avec le po\u00e8me \u201cVenho falar dos meus medos\u201d (\u201cJe viens parler de mes peurs\u201d) dans la musique du Fado Ac\u00e1cio (traditionnel) avec [&hellip;]<\/p>\n","protected":false},"author":1,"featured_media":0,"parent":0,"menu_order":0,"comment_status":"closed","ping_status":"closed","template":"","meta":{"_seopress_robots_primary_cat":"","_seopress_titles_title":"","_seopress_titles_desc":"","_seopress_robots_index":"","site-sidebar-layout":"no-sidebar","site-content-layout":"page-builder","ast-site-content-layout":"default","site-content-style":"default","site-sidebar-style":"default","ast-global-header-display":"","ast-banner-title-visibility":"","ast-main-header-display":"","ast-hfb-above-header-display":"","ast-hfb-below-header-display":"","ast-hfb-mobile-header-display":"","site-post-title":"disabled","ast-breadcrumbs-content":"","ast-featured-img":"disabled","footer-sml-layout":"","ast-disable-related-posts":"","theme-transparent-header-meta":"default","adv-header-id-meta":"","stick-header-meta":"","header-above-stick-meta":"","header-main-stick-meta":"","header-below-stick-meta":"","astra-migrate-meta-layouts":"default","ast-page-background-enabled":"default","ast-page-background-meta":{"desktop":{"background-color":"","background-image":"","background-repeat":"repeat","background-position":"center center","background-size":"auto","background-attachment":"scroll","background-type":"","background-media":"","overlay-type":"","overlay-color":"","overlay-opacity":"","overlay-gradient":""},"tablet":{"background-color":"","background-image":"","background-repeat":"repeat","background-position":"center center","background-size":"auto","background-attachment":"scroll","background-type":"","background-media":"","overlay-type":"","overlay-color":"","overlay-opacity":"","overlay-gradient":""},"mobile":{"background-color":"","background-image":"","background-repeat":"repeat","background-position":"center center","background-size":"auto","background-attachment":"scroll","background-type":"","background-media":"","overlay-type":"","overlay-color":"","overlay-opacity":"","overlay-gradient":""}},"ast-content-background-meta":{"desktop":{"background-color":"var(--ast-global-color-5)","background-image":"","background-repeat":"repeat","background-position":"center center","background-size":"auto","background-attachment":"scroll","background-type":"","background-media":"","overlay-type":"","overlay-color":"","overlay-opacity":"","overlay-gradient":""},"tablet":{"background-color":"var(--ast-global-color-5)","background-image":"","background-repeat":"repeat","background-position":"center center","background-size":"auto","background-attachment":"scroll","background-type":"","background-media":"","overlay-type":"","overlay-color":"","overlay-opacity":"","overlay-gradient":""},"mobile":{"background-color":"var(--ast-global-color-5)","background-image":"","background-repeat":"repeat","background-position":"center center","background-size":"auto","background-attachment":"scroll","background-type":"","background-media":"","overlay-type":"","overlay-color":"","overlay-opacity":"","overlay-gradient":""}},"footnotes":""},"class_list":["post-696","page","type-page","status-publish","hentry"],"_links":{"self":[{"href":"https:\/\/ofado.com\/fr\/wp-json\/wp\/v2\/pages\/696","targetHints":{"allow":["GET"]}}],"collection":[{"href":"https:\/\/ofado.com\/fr\/wp-json\/wp\/v2\/pages"}],"about":[{"href":"https:\/\/ofado.com\/fr\/wp-json\/wp\/v2\/types\/page"}],"author":[{"embeddable":true,"href":"https:\/\/ofado.com\/fr\/wp-json\/wp\/v2\/users\/1"}],"replies":[{"embeddable":true,"href":"https:\/\/ofado.com\/fr\/wp-json\/wp\/v2\/comments?post=696"}],"version-history":[{"count":1,"href":"https:\/\/ofado.com\/fr\/wp-json\/wp\/v2\/pages\/696\/revisions"}],"predecessor-version":[{"id":697,"href":"https:\/\/ofado.com\/fr\/wp-json\/wp\/v2\/pages\/696\/revisions\/697"}],"wp:attachment":[{"href":"https:\/\/ofado.com\/fr\/wp-json\/wp\/v2\/media?parent=696"}],"curies":[{"name":"wp","href":"https:\/\/api.w.org\/{rel}","templated":true}]}}

António Laranja

<div data-elementor-type="wp-page" data-elementor-id="696" class="elementor elementor-696 elementor-185" data-elementor-post-type="page">
						<section class="elementor-section elementor-top-section elementor-element elementor-element-35b0cf4a elementor-section-boxed elementor-section-height-default elementor-section-height-default" data-id="35b0cf4a" data-element_type="section" data-e-type="section">
						<div class="elementor-container elementor-column-gap-no">
					<div class="elementor-column elementor-col-50 elementor-top-column elementor-element elementor-element-7105be93" data-id="7105be93" data-element_type="column" data-e-type="column">
			<div class="elementor-widget-wrap elementor-element-populated">
						<div class="elementor-element elementor-element-184cb6a1 elementor-widget elementor-widget-heading" data-id="184cb6a1" data-element_type="widget" data-e-type="widget" data-widget_type="heading.default">
				<div class="elementor-widget-container">
					<h1 class="elementor-heading-title elementor-size-default">António Laranjeira</h1>				</div>
				</div>
				<div class="elementor-element elementor-element-3d5c84a4 elementor-widget elementor-widget-text-editor" data-id="3d5c84a4" data-element_type="widget" data-e-type="widget" data-widget_type="text-editor.default">
				<div class="elementor-widget-container">
									<p>António Laranjeira s’est distingué comme un personnage lié à la poésie en ayant récemment écrit pour des plusieurs chanteurs de Fado. Ana Moura a montré la poésie d’António Laranjeira au monde avec le poème “Venho falar dos meus medos” (“Je viens parler de mes peurs”) dans la musique du Fado Acácio (traditionnel) avec production et arrangements de Jorge Fernando.</p>
<p>Au Théâtre, invité par Filipe Lá Féria, sa efficace et quelques fois surprenante performance a laissé une image très positive de lui dans le Musical Amália, en faisant des performances dans des plateaux importants en Europe ainsi comme au Portugal, dans le Coliseu dos Recreios et Teatro São Luís, d’entre autres.</p>
<p>Néanmoins, c’es comme chanteur de Fado qu’António Laranjeira s’est révélé et affirmé. Les maisons de Fado les plus fameuses comme Marquês da Sé et Senhor Vinho à Lisbonne se sont rendues à la voix et présence d’António Laranjeira. Cependant, le point de rencontre fréquent entre la poésie et la voix du chanteur de Fado est maintenant au Restaurant O Fado dans la ville du Porto.</p>
<p>LUZ – c’est le titre de son nouveau disque, inspiré dans un voyage poétique et musical en parcourant le Pays accompagné par les énormes poètes et musiciens qui font partie des 15 Fados de cette édition. Vasco Graça Moura, Amália Rodrigues, Marla Amastor, Fernando Campos Castro et le chanteur de Fado lui-même signent et se détachent dans les poèmes magistralement musiqués par André Teixeira, Manuel Reis, Susana Castro Santos, Manuel Mendes, Raul Ferrão, José António Sabrosa Alfredo Marceneiro et Rogério Ferreira, qui a aussi dirigé et produit musicalement ce travail fantastique.</p>
<p>Dans cet album, Pedro Barroso partage avec António Laranjeira un thème appartenant à sa vaste et incomparable œuvre musicale, étonnamment adapté au Fado, où il prête sa voix en transformant “Porto Antigo” dans un des moments musicaux les plus impressionnants. La force et la beauté de ce disque résultent de la plus pure et réciproque sensibilité et délivrance de tous les intervenants, et surtout, de son amour au Fado.</p>
<p>Chacun de ceux-ci et d’autres Fados actuels ainsi comme d’autres plus anciens, joués avec maîtrise et chantés avec l’émotion de ceux qui sentent et aiment le Fado, peuvent être écoutés toutes les nuits dans le Restaurant “O Fado”, la maison de Fado par excellence de la ville du Porto où António Laranjeira chante son Fado.</p>
								</div>
				</div>
					</div>
		</div>
				<div class="elementor-column elementor-col-50 elementor-top-column elementor-element elementor-element-741100c8" data-id="741100c8" data-element_type="column" data-e-type="column">
			<div class="elementor-widget-wrap elementor-element-populated">
						<div class="elementor-element elementor-element-484ac142 elementor-widget elementor-widget-image" data-id="484ac142" data-element_type="widget" data-e-type="widget" data-widget_type="image.default">
				<div class="elementor-widget-container">
															<img fetchpriority="high" decoding="async" width="640" height="634" src="https://ofado.com/wp-content/uploads/2021/10/António-Laranjeira-foto-capa-cd.jpg" class="attachment-large size-large wp-image-654" alt="António Laranjeira" srcset="https://ofado.com/wp-content/uploads/2021/10/António-Laranjeira-foto-capa-cd.jpg 640w, https://ofado.com/wp-content/uploads/2021/10/António-Laranjeira-foto-capa-cd-300x297.jpg 300w, https://ofado.com/wp-content/uploads/2021/10/António-Laranjeira-foto-capa-cd-150x150.jpg 150w" sizes="(max-width: 640px) 100vw, 640px" />															</div>
				</div>
				<div class="elementor-element elementor-element-1d871bc elementor-shape-circle e-grid-align-left elementor-grid-0 elementor-widget elementor-widget-social-icons" data-id="1d871bc" data-element_type="widget" data-e-type="widget" data-widget_type="social-icons.default">
				<div class="elementor-widget-container">
							<div class="elementor-social-icons-wrapper elementor-grid" role="list">
							<span class="elementor-grid-item" role="listitem">
					<a class="elementor-icon elementor-social-icon elementor-social-icon-facebook elementor-repeater-item-3e6e17f" href="https://www.facebook.com/AntonioLaranjeiraFado/?fref=ts" target="_blank">
						<span class="elementor-screen-only">Facebook</span>
						<i aria-hidden="true" class="fab fa-facebook"></i>					</a>
				</span>
							<span class="elementor-grid-item" role="listitem">
					<a class="elementor-icon elementor-social-icon elementor-social-icon-youtube elementor-repeater-item-7b67c8d" href="https://www.youtube.com/channel/UCHfU3L7Jt1bY5TTcit6Z7Bg" target="_blank">
						<span class="elementor-screen-only">Youtube</span>
						<i aria-hidden="true" class="fab fa-youtube"></i>					</a>
				</span>
					</div>
						</div>
				</div>
					</div>
		</div>
					</div>
		</section>
				</div>

<p>António Laranjeira António Laranjeira s’est distingué comme un personnage lié à la poésie en ayant récemment écrit pour des plusieurs chanteurs de Fado. Ana Moura a montré la poésie d’António Laranjeira au monde avec le poème “Venho falar dos meus medos” (“Je viens parler de mes peurs”) dans la musique du Fado Acácio (traditionnel) avec [&hellip;]</p>
